{"id":26412,"date":"2026-03-16T08:42:31","date_gmt":"2026-03-16T07:42:31","guid":{"rendered":"https:\/\/www.chateau-stmaurice.ch\/site\/?page_id=26412"},"modified":"2026-04-07T11:42:55","modified_gmt":"2026-04-07T09:42:55","slug":"exposition-lucky-luke","status":"publish","type":"page","link":"https:\/\/www.chateau-stmaurice.ch\/site\/exposition-lucky-luke\/","title":{"rendered":"Exposition Lucky Luke"},"content":{"rendered":"<p>[vc_row row_type=\u00a0\u00bbrow\u00a0\u00bb use_row_as_full_screen_section=\u00a0\u00bbno\u00a0\u00bb type=\u00a0\u00bbfull_width\u00a0\u00bb text_align=\u00a0\u00bbleft\u00a0\u00bb background_animation=\u00a0\u00bbnone\u00a0\u00bb css_animation=\u00a0\u00bb\u00a0\u00bb][vc_column width=\u00a0\u00bb1\/2&Prime;][vc_single_image image=\u00a0\u00bb26410&Prime; img_size=\u00a0\u00bbfull\u00a0\u00bb qode_css_animation=\u00a0\u00bb\u00a0\u00bb][vc_empty_space][\/vc_column][vc_column width=\u00a0\u00bb1\/2&Prime;][vc_column_text]<\/p>\n<h4 style=\"font-weight: 400;\"><strong>Lucky Luke au Ch\u00e2teau\u00a0!!!<\/strong><\/h4>\n<p>&nbsp;<\/p>\n<p style=\"font-weight: 400;\"><strong>Apr\u00e8s le succ\u00e8s de son exposition Ast\u00e9rix en 2025, le Ch\u00e2teau de Saint-Maurice, vous invite cette ann\u00e9e \u00e0 une exposition autour d\u2019un personnage qu\u2019il r\u00eavait depuis longtemps d\u2019accueillir\u00a0: Lucky Luke. Apparu pour la premi\u00e8re fois en 1946 dans le <em>Journal Spirou<\/em> Lucky Luke est n\u00e9 de l\u2019imagination et du coup de crayon de Morris (1923-2001). H\u00e9ros, notamment de 70 albums, tous dessin\u00e9s par son cr\u00e9ateur (\u00a0!) et sc\u00e9naris\u00e9 pour plus de la moiti\u00e9 d\u2019entre\u00a0 eux, par un certain Ren\u00e9 Goscinny (1926-1977), il c\u00e9l\u00e8bre cette ann\u00e9e ses 80 ans d\u2019existence, d\u2019excellence et d\u2019endurance<\/strong><\/p>\n<p>[\/vc_column_text][vc_empty_space][vc_column_text]<\/p>\n<p style=\"font-weight: 400;\">Destin\u00e9e au plus large public (\u00e2ge conseill\u00e9 d\u00e8s 7 ans) notre exposition se d\u00e9cline sur <strong>300 m<sup>2<\/sup> et deux \u00e9tages<\/strong>. Compos\u00e9e de pr\u00e8s de 500 objets mus\u00e9aux, allant de <strong>fac-simil\u00e9s de sc\u00e9narios de Ren\u00e9 Goscinny, de croquis, de dessins et de planches \u00e0 des projections, en passant par des magazines, des objets, des jeux et des installations ludiques<\/strong>, elle se consacre principalement, sur son premier \u00e9tage, \u00e0 l\u2019\u0153uvre de Morris et de Ren\u00e9 Goscinny. Son deuxi\u00e8me \u00e9tage est, pour sa part, d\u00e9di\u00e9 aux prolongations \u00e9ditoriales, audiovisuelles, musicales et m\u00eame publicitaires du personnage.<\/p>\n<p>[\/vc_column_text][vc_empty_space][vc_column_text]<\/p>\n<p style=\"font-weight: 400;\">Au fil de votre visite vous pourrez d\u00e9couvrir un large portrait de Morris, <strong>sa passion pour l\u2019art de la caricature et des jouets anim\u00e9s<\/strong>, les origines de Lucky Luke, la forte \u00e9volution de son dessin ainsi qu\u2019un floril\u00e8ge d\u2019\u0153uvres exprimant la redoutable efficacit\u00e9 et ma\u00eetrise de son dessin<\/p>\n<p style=\"font-weight: 400;\">Vous pourrez aussi appr\u00e9cier l\u2019art consomm\u00e9 de Morris pour le dessin des couvertures de ses albums, la censure qu\u2019il a souvent d\u00fb combattre, la truculente galerie de personnages qu\u2019il a imagin\u00e9e avec Ren\u00e9 Goscinny et d\u2019autres sc\u00e9naristes, ainsi que son talent singulier de l\u2019usage narratif des ombres et de la couleur dans son \u0153uvre.<\/p>\n<p>[\/vc_column_text][vc_empty_space][vc_column_text][\/vc_column_text][vc_column_text]<\/p>\n<p style=\"font-weight: 400;\">Relevons encore que vous pourrez d\u00e9couvrir la force d\u2019inspiration et d\u2019attraction que Lucky Luke continue d\u2019exercer sur les b\u00e9d\u00e9istes et autres artistes, avec un large clin d\u2019\u0153il \u00e0 ses prolongations \u00e9ditoriales et cin\u00e9matographiques.<\/p>\n<p style=\"font-weight: 400;\">C\u00f4t\u00e9 animations, notre exposition vous offre , \u00e0 l\u2019instar de toutes nos autres expositions, un tr\u00e8s vaste espace de lecture (\u00e9quip\u00e9 pour l\u2019occasion de rocking-chairs et de si\u00e8ges-selles de cheval !), des <strong>projections de dessins\u00a0 anim\u00e9s<\/strong>, <strong>atelier de dessin autonome<\/strong> et <strong>divers jeux<\/strong>.<\/p>\n<p style=\"font-weight: 400;\">Bref, cette exposition aussi mus\u00e9ale que ludique est autant d\u00e9di\u00e9e aux amateurs et amatrices de patrimoine de la bande dessin\u00e9e, de beau dessin et d\u2019humour, qu\u2019au public familial curieux de belles d\u00e9couvertes. A tr\u00e8s vite ou \u00e0 tout de suite !<\/p>\n<p style=\"font-weight: 400;\"><strong><em>Lucky Luke au Ch\u00e2teau de Saint-Maurice<\/em><\/strong><\/p>\n<p>&nbsp;<\/p>\n<p style=\"font-weight: 400;\">Du <strong>28 mars au 22 novembre 2026. \u00c2ge conseill\u00e9\u00a0: <\/strong>d\u00e8s 7 ans<\/p>\n<p>[\/vc_column_text][\/vc_column][vc_column][vc_separator type=\u00a0\u00bbnormal\u00a0\u00bb border_style=\u00a0\u00bb\u00a0\u00bb][vc_column_text]<a href=\"https:\/\/www.chateau-stmaurice.ch\/site\/horaires-2025-test\/\">Horaires 2026<br \/>\n<\/a><\/p>\n<p><a href=\"https:\/\/www.chateau-stmaurice.ch\/site\/tarifs\/\">Tarifs<\/a><\/p>\n<p><a href=\"https:\/\/www.chateau-stmaurice.ch\/site\/acces\/\">Acc\u00e8s<\/a><\/p>\n<p>[\/vc_column_text][vc_separator type=\u00a0\u00bbnormal\u00a0\u00bb border_style=\u00a0\u00bb\u00a0\u00bb][\/vc_column][\/vc_row][vc_row row_type=\u00a0\u00bbrow\u00a0\u00bb use_row_as_full_screen_section=\u00a0\u00bbno\u00a0\u00bb type=\u00a0\u00bbfull_width\u00a0\u00bb text_align=\u00a0\u00bbleft\u00a0\u00bb background_animation=\u00a0\u00bbnone\u00a0\u00bb css_animation=\u00a0\u00bb\u00a0\u00bb][vc_column][vc_row_inner row_type=\u00a0\u00bbrow\u00a0\u00bb type=\u00a0\u00bbfull_width\u00a0\u00bb use_row_as_full_screen_section_slide=\u00a0\u00bbno\u00a0\u00bb text_align=\u00a0\u00bbleft\u00a0\u00bb css_animation=\u00a0\u00bb\u00a0\u00bb][vc_column_inner width=\u00a0\u00bb1\/2&Prime;][\/vc_column_inner][vc_column_inner width=\u00a0\u00bb1\/2&Prime;][\/vc_column_inner][\/vc_row_inner][vc_empty_space][\/vc_column][\/vc_row][vc_row row_type=\u00a0\u00bbrow\u00a0\u00bb use_row_as_full_screen_section=\u00a0\u00bbno\u00a0\u00bb type=\u00a0\u00bbfull_width\u00a0\u00bb text_align=\u00a0\u00bbleft\u00a0\u00bb background_animation=\u00a0\u00bbnone\u00a0\u00bb css_animation=\u00a0\u00bb\u00a0\u00bb][vc_column][\/vc_column][\/vc_row]<\/p>\n","protected":false},"excerpt":{"rendered":"<p>[vc_row row_type=\u00a0\u00bbrow\u00a0\u00bb use_row_as_full_screen_section=\u00a0\u00bbno\u00a0\u00bb type=\u00a0\u00bbfull_width\u00a0\u00bb text_align=\u00a0\u00bbleft\u00a0\u00bb background_animation=\u00a0\u00bbnone\u00a0\u00bb css_animation=\u00a0\u00bb\u00a0\u00bb][vc_column width=\u00a0\u00bb1\/2&Prime;][vc_single_image image=\u00a0\u00bb26410&Prime; img_size=\u00a0\u00bbfull\u00a0\u00bb qode_css_animation=\u00a0\u00bb\u00a0\u00bb][vc_empty_space][\/vc_column][vc_column width=\u00a0\u00bb1\/2&Prime;][vc_column_text] Lucky Luke au Ch\u00e2teau\u00a0!!! &nbsp; Apr\u00e8s le succ\u00e8s de son exposition Ast\u00e9rix en 2025, le Ch\u00e2teau de Saint-Maurice, vous invite cette ann\u00e9e \u00e0 une exposition autour d\u2019un personnage qu\u2019il r\u00eavait depuis longtemps d\u2019accueillir\u00a0:&#8230;<\/p>\n","protected":false},"author":3,"featured_media":0,"parent":0,"menu_order":0,"comment_status":"closed","ping_status":"closed","template":"","meta":{"footnotes":""},"_links":{"self":[{"href":"https:\/\/www.chateau-stmaurice.ch\/site\/wp-json\/wp\/v2\/pages\/26412"}],"collection":[{"href":"https:\/\/www.chateau-stmaurice.ch\/site\/wp-json\/wp\/v2\/pages"}],"about":[{"href":"https:\/\/www.chateau-stmaurice.ch\/site\/wp-json\/wp\/v2\/types\/page"}],"author":[{"embeddable":true,"href":"https:\/\/www.chateau-stmaurice.ch\/site\/wp-json\/wp\/v2\/users\/3"}],"replies":[{"embeddable":true,"href":"https:\/\/www.chateau-stmaurice.ch\/site\/wp-json\/wp\/v2\/comments?post=26412"}],"version-history":[{"count":3,"href":"https:\/\/www.chateau-stmaurice.ch\/site\/wp-json\/wp\/v2\/pages\/26412\/revisions"}],"predecessor-version":[{"id":26428,"href":"https:\/\/www.chateau-stmaurice.ch\/site\/wp-json\/wp\/v2\/pages\/26412\/revisions\/26428"}],"wp:attachment":[{"href":"https:\/\/www.chateau-stmaurice.ch\/site\/wp-json\/wp\/v2\/media?parent=26412"}],"curies":[{"name":"wp","href":"https:\/\/api.w.org\/{rel}","templated":true}]}}