{"id":26189,"date":"2024-12-07T17:14:23","date_gmt":"2024-12-07T16:14:23","guid":{"rendered":"https:\/\/www.chateau-stmaurice.ch\/site\/?page_id=26189"},"modified":"2026-04-21T15:36:08","modified_gmt":"2026-04-21T13:36:08","slug":"horaires-2025-test","status":"publish","type":"page","link":"https:\/\/www.chateau-stmaurice.ch\/site\/horaires-2025-test\/","title":{"rendered":"Horaires 2026"},"content":{"rendered":"<p>[vc_row row_type=\u00a0\u00bbrow\u00a0\u00bb use_row_as_full_screen_section=\u00a0\u00bbno\u00a0\u00bb type=\u00a0\u00bbfull_width\u00a0\u00bb text_align=\u00a0\u00bbleft\u00a0\u00bb background_animation=\u00a0\u00bbnone\u00a0\u00bb css_animation=\u00a0\u00bb\u00a0\u00bb][vc_column][vc_column_text]<\/p>\n<p style=\"font-weight: 400;\"><strong>Exposition Lucky Luke<\/strong><\/p>\n<p style=\"font-weight: 400;\"><strong>Du 28 mars au\u00a0 22 novembre 2026<\/strong><\/p>\n<p>&nbsp;<\/p>\n<p style=\"font-weight: 400;\"><strong>Horaires standards<\/strong><\/p>\n<p>&nbsp;<\/p>\n<p style=\"font-weight: 400;\">Mardi-samedi : 13h30 &#8211; 17h30<br \/>\nDimanche : 10h30 &#8211; 17h00<\/p>\n<p style=\"font-weight: 400;\"><strong>Lundi ferm\u00e9, sauf jours f\u00e9ri\u00e9s et p\u00e9riodes de vacances <\/strong><\/p>\n<p style=\"font-weight: 400;\"><strong>\u00a0<\/strong><\/p>\n<p style=\"font-weight: 400;\"><strong>Horaires jours f\u00e9ri\u00e9s <\/strong><\/p>\n<p>&nbsp;<\/p>\n<p style=\"font-weight: 400;\">11h00 &#8211; 17h30,<br \/>\n<strong>14 mai et 15 mai <\/strong>(Ascension)<br \/>\n<strong>25 mai<\/strong> (Pentec\u00f4te)<br \/>\n<strong>4 et 5 juin<\/strong> (F\u00eate-Dieu)<br \/>\n<strong>10 et 11 septembre <\/strong>(Je\u00fbne Genevois)<br \/>\n<strong>21 septembre<\/strong>\u00a0 (Je\u00fbne f\u00e9d\u00e9ral).<\/p>\n<p>&nbsp;<\/p>\n<p style=\"font-weight: 400;\"><strong>Derni\u00e8re entr\u00e9e :<\/strong> 1 heure avant la fermeture<\/p>\n<p>[\/vc_column_text][vc_empty_space][vc_column_text]<\/p>\n<p style=\"font-weight: 400;\"><strong>Horaires sp\u00e9ciaux <\/strong>(vacances et fin de saison)<\/p>\n<p>&nbsp;<\/p>\n<p>du <strong>30 mars au 19 avril<\/strong>, du <strong>29 juin au 16 ao\u00fbt,<\/strong>\u00a0du <strong>12 au 25 octobre <\/strong>et du <strong>16 au 22 novembre.<\/strong><\/p>\n<p style=\"font-weight: 400;\">Lundi-samedi : 11h00 &#8211; 17h30<br \/>\nDimanche : 10h30 &#8211; 17h00<\/p>\n<p>&nbsp;<\/p>\n<p>[\/vc_column_text][vc_empty_space][vc_column_text]<\/p>\n<p style=\"font-weight: 400;\"><strong>Important !<\/strong> La capacit\u00e9 d\u2019accueil du Ch\u00e2teau est limit\u00e9e. Une attente \u00e0 l\u2019entr\u00e9e peut, plus particuli\u00e8rement pendant les vacances scolaires et les week-ends \u00eatre possible.<\/p>\n<p style=\"font-weight: 400;\"><strong>\u00a0<\/strong><\/p>\n<p style=\"font-weight: 400;\"><strong>Afin d\u2019\u00e9viter cette situation organisez, si vous le pouvez, votre visite\u00a0:<\/strong><\/p>\n<p style=\"font-weight: 400;\"><strong>\u00a0<\/strong><\/p>\n<ul>\n<li><strong>hors des p\u00e9riodes de vacances scolaires de P\u00e2ques<\/strong> (du 30 mars au 19 avril) <strong>et d\u2019automne<\/strong> (du 12 au 25 octobre)\u00a0;<\/li>\n<li><strong>hors des jours f\u00e9ri\u00e9s<\/strong>;<\/li>\n<li><strong>en semaine<\/strong>, soit du mardi au vendredi,\u00a0;<\/li>\n<li><strong>le samedi avant 14h<\/strong><\/li>\n<li><strong>le dimanche, avant 13h<\/strong><\/li>\n<\/ul>\n<p>[\/vc_column_text][vc_empty_space][\/vc_column][\/vc_row]<\/p>\n","protected":false},"excerpt":{"rendered":"<p>[vc_row row_type=\u00a0\u00bbrow\u00a0\u00bb use_row_as_full_screen_section=\u00a0\u00bbno\u00a0\u00bb type=\u00a0\u00bbfull_width\u00a0\u00bb text_align=\u00a0\u00bbleft\u00a0\u00bb background_animation=\u00a0\u00bbnone\u00a0\u00bb css_animation=\u00a0\u00bb\u00a0\u00bb][vc_column][vc_column_text] Exposition Lucky Luke Du 28 mars au\u00a0 22 novembre 2026 &nbsp; Horaires standards &nbsp; Mardi-samedi : 13h30 &#8211; 17h30 Dimanche : 10h30 &#8211; 17h00 Lundi ferm\u00e9, sauf jours f\u00e9ri\u00e9s et p\u00e9riodes de vacances \u00a0 Horaires jours f\u00e9ri\u00e9s &nbsp;&#8230;<\/p>\n","protected":false},"author":3,"featured_media":0,"parent":0,"menu_order":0,"comment_status":"closed","ping_status":"closed","template":"","meta":{"footnotes":""},"_links":{"self":[{"href":"https:\/\/www.chateau-stmaurice.ch\/site\/wp-json\/wp\/v2\/pages\/26189"}],"collection":[{"href":"https:\/\/www.chateau-stmaurice.ch\/site\/wp-json\/wp\/v2\/pages"}],"about":[{"href":"https:\/\/www.chateau-stmaurice.ch\/site\/wp-json\/wp\/v2\/types\/page"}],"author":[{"embeddable":true,"href":"https:\/\/www.chateau-stmaurice.ch\/site\/wp-json\/wp\/v2\/users\/3"}],"replies":[{"embeddable":true,"href":"https:\/\/www.chateau-stmaurice.ch\/site\/wp-json\/wp\/v2\/comments?post=26189"}],"version-history":[{"count":28,"href":"https:\/\/www.chateau-stmaurice.ch\/site\/wp-json\/wp\/v2\/pages\/26189\/revisions"}],"predecessor-version":[{"id":26436,"href":"https:\/\/www.chateau-stmaurice.ch\/site\/wp-json\/wp\/v2\/pages\/26189\/revisions\/26436"}],"wp:attachment":[{"href":"https:\/\/www.chateau-stmaurice.ch\/site\/wp-json\/wp\/v2\/media?parent=26189"}],"curies":[{"name":"wp","href":"https:\/\/api.w.org\/{rel}","templated":true}]}}

<p>[vc_row row_type= »row » use_row_as_full_screen_section= »no » type= »full_width » text_align= »left » background_animation= »none » css_animation= » »][vc_column][vc_column_text]</p>
<p style="font-weight: 400;"><strong>Exposition Lucky Luke</strong></p>
<p style="font-weight: 400;"><strong>Du 28 mars au  22 novembre 2026</strong></p>
<p>&nbsp;</p>
<p style="font-weight: 400;"><strong>Horaires standards</strong></p>
<p>&nbsp;</p>
<p style="font-weight: 400;">Mardi-samedi : 13h30 &#8211; 17h30<br />
Dimanche : 10h30 &#8211; 17h00</p>
<p style="font-weight: 400;"><strong>Lundi fermé, sauf jours fériés et périodes de vacances </strong></p>
<p style="font-weight: 400;"><strong> </strong></p>
<p style="font-weight: 400;"><strong>Horaires jours fériés </strong></p>
<p>&nbsp;</p>
<p style="font-weight: 400;">11h00 &#8211; 17h30,<br />
<strong>14 mai et 15 mai </strong>(Ascension)<br />
<strong>25 mai</strong> (Pentecôte)<br />
<strong>4 et 5 juin</strong> (Fête-Dieu)<br />
<strong>10 et 11 septembre </strong>(Jeûne Genevois)<br />
<strong>21 septembre</strong>  (Jeûne fédéral).</p>
<p>&nbsp;</p>
<p style="font-weight: 400;"><strong>Dernière entrée :</strong> 1 heure avant la fermeture</p>
<p>[/vc_column_text][vc_empty_space][vc_column_text]</p>
<p style="font-weight: 400;"><strong>Horaires spéciaux </strong>(vacances et fin de saison)</p>
<p>&nbsp;</p>
<p>du <strong>30 mars au 19 avril</strong>, du <strong>29 juin au 16 août,</strong> du <strong>12 au 25 octobre </strong>et du <strong>16 au 22 novembre.</strong></p>
<p style="font-weight: 400;">Lundi-samedi : 11h00 &#8211; 17h30<br />
Dimanche : 10h30 &#8211; 17h00</p>
<p>&nbsp;</p>
<p>[/vc_column_text][vc_empty_space][vc_column_text]</p>
<p style="font-weight: 400;"><strong>Important !</strong> La capacité d’accueil du Château est limitée. Une attente à l’entrée peut, plus particulièrement pendant les vacances scolaires et les week-ends être possible.</p>
<p style="font-weight: 400;"><strong> </strong></p>
<p style="font-weight: 400;"><strong>Afin d’éviter cette situation organisez, si vous le pouvez, votre visite :</strong></p>
<p style="font-weight: 400;"><strong> </strong></p>
<ul>
<li><strong>hors des périodes de vacances scolaires de Pâques</strong> (du 30 mars au 19 avril) <strong>et d’automne</strong> (du 12 au 25 octobre) ;</li>
<li><strong>hors des jours fériés</strong>;</li>
<li><strong>en semaine</strong>, soit du mardi au vendredi, ;</li>
<li><strong>le samedi avant 14h</strong></li>
<li><strong>le dimanche, avant 13h</strong></li>
</ul>
<p>[/vc_column_text][vc_empty_space][/vc_column][/vc_row]</p>

<p>[vc_row row_type= »row » use_row_as_full_screen_section= »no » type= »full_width » text_align= »left » background_animation= »none » css_animation= » »][vc_column][vc_column_text] Exposition Lucky Luke Du 28 mars au  22 novembre 2026 &nbsp; Horaires standards &nbsp; Mardi-samedi : 13h30 &#8211; 17h30 Dimanche : 10h30 &#8211; 17h00 Lundi fermé, sauf jours fériés et périodes de vacances   Horaires jours fériés &nbsp;&#8230;</p>
