{"id":22037,"date":"2015-05-18T08:07:42","date_gmt":"2015-05-18T06:07:42","guid":{"rendered":"http:\/\/www.chateau-stmaurice.ch\/site\/?page_id=22037"},"modified":"2025-12-08T13:00:37","modified_gmt":"2025-12-08T12:00:37","slug":"acces","status":"publish","type":"page","link":"https:\/\/www.chateau-stmaurice.ch\/site\/acces\/","title":{"rendered":"Acc\u00e8s"},"content":{"rendered":"<p>[vc_row row_type=\u00a0\u00bbrow\u00a0\u00bb use_row_as_full_screen_section=\u00a0\u00bbno\u00a0\u00bb type=\u00a0\u00bbfull_width\u00a0\u00bb text_align=\u00a0\u00bbleft\u00a0\u00bb background_animation=\u00a0\u00bbnone\u00a0\u00bb css_animation=\u00a0\u00bb\u00a0\u00bb][vc_column][vc_column_text]<\/p>\n<h4>Acc\u00e8s en transports publics<\/h4>\n<p>La ville de St-Maurice peut \u00eatre facilement et r\u00e9guli\u00e8rement rejointe en train (<a href=\"http:\/\/www.cff.ch\" target=\"_blank\" rel=\"noopener noreferrer\">www.cff.ch<\/a>). Le Ch\u00e2teau est situ\u00e9 \u00e0 moins de 10 minutes \u00e0 pied de la gare CFF, en suivant les indications \u00ab Ch\u00e2teau \u00bb. En car postal depuis la gare CFF, prendre le no 191, arr\u00eat \u00ab\u00a0Grotte aux F\u00e9es\u00a0\u00bb (relativement peu fr\u00e9quent, veuillez consulter les <a href=\"https:\/\/www.postauto.ch\/fr\" target=\"_blank\" rel=\"noopener\">horaires<\/a>).[\/vc_column_text][vc_empty_space][vc_column_text]<\/p>\n<h4>Acc\u00e8s en v\u00e9hicule<\/h4>\n<p><strong><em>Adresse GPS\u00a0: Rte du Chablais 1, 1890 St-Maurice<\/em><\/strong><\/p>\n<p><strong>Depuis Gen\u00e8ve, Lausanne, Berne, Fribourg et la Riviera<\/strong><br \/>\nEmprunter l\u2019autoroute direction Simplon-St-Bernard, prendre la sortie 19 Bex\/Lavey\/Monthey-Sud, puis tourner \u00e0 droite et prendre, au premier rond-point, la deuxi\u00e8me sortie direction Massongex\/St-Maurice. Traverser Massongex, le Ch\u00e2teau se situe juste apr\u00e8s le panneau signalant l\u2019entr\u00e9e \u00e0 St-Maurice.<\/p>\n<p><strong>Depuis le Valais<\/strong><br \/>\nEmprunter l\u2019autoroute depuis Sierre direction Lausanne, prendre la sortie 20 St-Maurice, suivre la direction St-Maurice, puis suivre les indications pr\u00e9sent\u00e9es sur les panneaux touristiques bruns.<\/p>\n<p><strong>Depuis Chamonix (France)<\/strong><br \/>\nEmprunter la route cantonale jusqu\u2019\u00e0 Martigny, puis l\u2019autoroute direction Lausanne ou la route cantonale. Prendre la sortie 20 St-Maurice, ou\/et suivre la direction St-Maurice, puis suivre les indications pr\u00e9sent\u00e9es sur les panneaux touristiques bruns.<\/p>\n<p><strong>Depuis Evian (France)<\/strong><br \/>\nEmprunter la route cantonale en direction de St-Gingolph-Monthey-St-Maurice, puis suivre les indications pr\u00e9sent\u00e9es sur les panneaux touristiques bruns.<\/p>\n<p>&nbsp;<\/p>\n<p>[\/vc_column_text][vc_empty_space][vc_column_text]<\/p>\n<h4>Acc\u00e8s au ch\u00e2teau<\/h4>\n<p style=\"font-weight: 400;\">Le Ch\u00e2teau est situ\u00e9 \u00e0 150 m\u00e8tres de son plus proche parking. Il se rejoint depuis la route en 3-5 minutes \u00e0 pied par le biais d\u2019une longue rampe pav\u00e9e.<\/p>\n<p>[\/vc_column_text][vc_empty_space][vc_column_text]<\/p>\n<h4>Acc\u00e8s aux personnes \u00e0 mobilit\u00e9 r\u00e9duite<\/h4>\n<p style=\"font-weight: 400;\">Le Ch\u00e2teau n\u2019est pas directement accessible par la route. Il n\u2019est, au vu de sa construction historique comme de son architecture, pas \u00e9quip\u00e9 d\u2019ascenseurs. <strong>Il n\u2019est donc malheureusement pas accessible aux personnes \u00e0 mobilit\u00e9 r\u00e9duite<\/strong>. Nous le regrettons.<\/p>\n<p>[\/vc_column_text][vc_empty_space][vc_column_text]<\/p>\n<h4>Parking<\/h4>\n<p>Deux parkings (P1 et P2<strong>*<\/strong>) sont situ\u00e9s au pied du Ch\u00e2teau (aucun acc\u00e8s direct au Ch\u00e2teau n&rsquo;est possible en voiture). <strong>Le stationnement y est gratuit sur une p\u00e9riode de deux heures. N\u2019oubliez n\u00e9anmoins pas de prendre un ticket. <\/strong>D\u2019autres parkings sont \u00e9galement \u00e0 disposition au c\u0153ur de la ville.<\/p>\n<p><strong>*<\/strong>L\u00e9g\u00e8rement plus \u00e9loign\u00e9 que le parking P1, le parking P2 se rejoint en d\u00e9passant le Ch\u00e2teau (en direction de St-Maurice) et en prenant la deuxi\u00e8me sortie au giratoire; sur la Grand-Rue, tourner ensuite \u00e0 gauche. Des indications de couleur brune vous y conduisent.[\/vc_column_text][\/vc_column][\/vc_row][vc_row row_type=\u00a0\u00bbrow\u00a0\u00bb use_row_as_full_screen_section=\u00a0\u00bbno\u00a0\u00bb type=\u00a0\u00bbfull_width\u00a0\u00bb text_align=\u00a0\u00bbleft\u00a0\u00bb background_animation=\u00a0\u00bbnone\u00a0\u00bb css_animation=\u00a0\u00bb\u00a0\u00bb][vc_column][vc_empty_space][vc_gmaps link=\u00a0\u00bb#E-8_JTNDaWZyYW1lJTIwc3R5bGUlM0QlMjJib3JkZXIlM0ElMjAwJTNCJTIyJTIwc3JjJTNEJTIyaHR0cHMlM0ElMkYlMkZ3d3cuZ29vZ2xlLmNvbSUyRm1hcHMlMkZlbWJlZCUzRnBiJTNEJTIxMW0xOCUyMTFtMTIlMjExbTMlMjExZDQ4NTUuNzcwNDg2MDU3MzkzJTIxMmQ3LjAwMjkwOTgwMDAwMDAwNyUyMTNkNDYuMjIzNDAwNDk5OTk5OTc1JTIxMm0zJTIxMWYwJTIxMmYwJTIxM2YwJTIxM20yJTIxMWkxMDI0JTIxMmk3NjglMjE0ZjEzLjElMjEzbTMlMjExbTIlMjExczB4NDc4ZWJiZmZjN2E5NjA4MSUyNTNBMHhlNjRmYmI5ODU3YTQzMjFjJTIxMnNDaCUyNUMzJTI1QTJ0ZWF1JTJCZGUlMkJTYWludC1NYXVyaWNlJTI1MkMlMkIxODkwJTJCU2FpbnQtTWF1cmljZSUyMTVlMSUyMTNtMiUyMTFzZnIlMjEyc2NoJTIxNHYxNDI2MzI2NjU1MjkyJTIyJTIwd2lkdGglM0QlMjI2MDAlMjIlMjBoZWlnaHQlM0QlMjI0NTAlMjIlMjBmcmFtZWJvcmRlciUzRCUyMjAlMjIlM0UlM0MlMkZpZnJhbWUlM0U=\u00a0\u00bb][vc_empty_space][\/vc_column][\/vc_row]<\/p>\n","protected":false},"excerpt":{"rendered":"<p>[vc_row row_type=\u00a0\u00bbrow\u00a0\u00bb use_row_as_full_screen_section=\u00a0\u00bbno\u00a0\u00bb type=\u00a0\u00bbfull_width\u00a0\u00bb text_align=\u00a0\u00bbleft\u00a0\u00bb background_animation=\u00a0\u00bbnone\u00a0\u00bb css_animation=\u00a0\u00bb\u00a0\u00bb][vc_column][vc_column_text] Acc\u00e8s en transports publics La ville de St-Maurice peut \u00eatre facilement et r\u00e9guli\u00e8rement rejointe en train (www.cff.ch). Le Ch\u00e2teau est situ\u00e9 \u00e0 moins de 10 minutes \u00e0 pied de la gare CFF, en suivant les indications \u00ab Ch\u00e2teau&#8230;<\/p>\n","protected":false},"author":2,"featured_media":0,"parent":0,"menu_order":0,"comment_status":"closed","ping_status":"open","template":"","meta":{"footnotes":""},"_links":{"self":[{"href":"https:\/\/www.chateau-stmaurice.ch\/site\/wp-json\/wp\/v2\/pages\/22037"}],"collection":[{"href":"https:\/\/www.chateau-stmaurice.ch\/site\/wp-json\/wp\/v2\/pages"}],"about":[{"href":"https:\/\/www.chateau-stmaurice.ch\/site\/wp-json\/wp\/v2\/types\/page"}],"author":[{"embeddable":true,"href":"https:\/\/www.chateau-stmaurice.ch\/site\/wp-json\/wp\/v2\/users\/2"}],"replies":[{"embeddable":true,"href":"https:\/\/www.chateau-stmaurice.ch\/site\/wp-json\/wp\/v2\/comments?post=22037"}],"version-history":[{"count":26,"href":"https:\/\/www.chateau-stmaurice.ch\/site\/wp-json\/wp\/v2\/pages\/22037\/revisions"}],"predecessor-version":[{"id":26392,"href":"https:\/\/www.chateau-stmaurice.ch\/site\/wp-json\/wp\/v2\/pages\/22037\/revisions\/26392"}],"wp:attachment":[{"href":"https:\/\/www.chateau-stmaurice.ch\/site\/wp-json\/wp\/v2\/media?parent=22037"}],"curies":[{"name":"wp","href":"https:\/\/api.w.org\/{rel}","templated":true}]}}