{"id":21562,"date":"2015-04-17T09:20:42","date_gmt":"2015-04-17T09:20:42","guid":{"rendered":"http:\/\/www.chateau-stmaurice.ch\/site\/?page_id=21562"},"modified":"2024-05-02T14:46:50","modified_gmt":"2024-05-02T12:46:50","slug":"lesplanade-dufour","status":"publish","type":"page","link":"https:\/\/www.chateau-stmaurice.ch\/site\/lesplanade-dufour\/","title":{"rendered":"Esplanade Dufour"},"content":{"rendered":"<p>[vc_row row_type=\u00a0\u00bbrow\u00a0\u00bb use_row_as_full_screen_section=\u00a0\u00bbno\u00a0\u00bb type=\u00a0\u00bbfull_width\u00a0\u00bb text_align=\u00a0\u00bbleft\u00a0\u00bb background_animation=\u00a0\u00bbnone\u00a0\u00bb css_animation=\u00a0\u00bb\u00a0\u00bb][vc_column][vc_column_text]<strong>Inaugur\u00e9e le 22 ao\u00fbt 2014 &#8211; jour anniversaire des 150 ans de la Conf\u00e9rence Diplomatique d&rsquo;ao\u00fbt 1864 et de la 1<sup>\u00e8re <\/sup>Convention de Gen\u00e8ve &#8211; l\u2019Esplanade Dufour est la placette situ\u00e9e devant l\u2019entr\u00e9e sup\u00e9rieure du Ch\u00e2teau<\/strong>. <strong>Cet espace \u00e9tait pr\u00e9alablement sans nom. Jean-Pierre Coutaz (directeur du Ch\u00e2teau de St-Maurice de 2006 \u00e0 2014), aid\u00e9 de Georges Coutaz et conseill\u00e9 par l&rsquo;historien de la Croix-Rouge suisse, Philippe Bender, ont pris le parti de le d\u00e9dier au G\u00e9n\u00e9ral Guillaume Henri Dufour, dont les fortifications du lieu porte le nom. Un buste du G\u00e9n\u00e9ral ainsi qu\u2019une plaque comm\u00e9morative ornent d\u00e9sormais l\u2019esplanade.<\/strong>[\/vc_column_text][vc_empty_space][\/vc_column][\/vc_row][vc_row row_type=\u00a0\u00bbrow\u00a0\u00bb use_row_as_full_screen_section=\u00a0\u00bbno\u00a0\u00bb type=\u00a0\u00bbfull_width\u00a0\u00bb text_align=\u00a0\u00bbleft\u00a0\u00bb background_animation=\u00a0\u00bbnone\u00a0\u00bb css_animation=\u00a0\u00bb\u00a0\u00bb][vc_column][vc_column_text]N\u00e9 \u00e0 Constance le 15 septembre 1787 et mort le 14 juillet 1875 \u00e0 Gen\u00e8ve, Guillaume Henri Dufour a cumul\u00e9 les activit\u00e9s de g\u00e9n\u00e9ral, ing\u00e9nieur, cartographe et homme politique suisse. Il a \u00e9t\u00e9 la figure principale de la victoire sur le Sonderbund, guerre qui a jou\u00e9 un r\u00f4le cl\u00e9 dans l&rsquo;\u00e9mergence de la Suisse moderne. Il est aussi l&rsquo;auteur de la premi\u00e8re carte du pays \u00e0 relev\u00e9 topographique pr\u00e9cis. Il a \u00e9galement \u00e9t\u00e9, aux c\u00f4t\u00e9s d\u2019Henry Dunant, Gustave Moynier, Louis Appia et Th\u00e9odore Maunoir, cofondateur de la Croix-Rouge internationale. Personnage d\u2019importance de l\u2019Histoire suisse, il a aussi donn\u00e9 son nom \u00e0 la pointe Dufour, le plus haut sommet de Suisse.<br \/>\n<em>Source\u00a0: Wikipedia<\/em>[\/vc_column_text][vc_empty_space][\/vc_column][\/vc_row][vc_row row_type=\u00a0\u00bbrow\u00a0\u00bb use_row_as_full_screen_section=\u00a0\u00bbno\u00a0\u00bb type=\u00a0\u00bbfull_width\u00a0\u00bb text_align=\u00a0\u00bbleft\u00a0\u00bb background_animation=\u00a0\u00bbnone\u00a0\u00bb css_animation=\u00a0\u00bb\u00a0\u00bb][vc_column width=\u00a0\u00bb1\/3&Prime;][vc_column_text css=\u00a0\u00bb.vc_custom_1709067201065{padding-top: 16px !important;padding-right: 16px !important;padding-bottom: 16px !important;padding-left: 16px !important;background-color: #e8e8e8 !important;}\u00a0\u00bb]<strong><a href=\"http:\/\/www.notrehistoire.ch\/video\/view\/2214\/\" target=\"_blank\" rel=\"noopener\">Vid\u00e9o de l\u2019inauguration de l\u2019Esplanade<\/a><\/strong>[\/vc_column_text][vc_empty_space][\/vc_column][\/vc_row][vc_row row_type=\u00a0\u00bbrow\u00a0\u00bb use_row_as_full_screen_section=\u00a0\u00bbno\u00a0\u00bb type=\u00a0\u00bbfull_width\u00a0\u00bb text_align=\u00a0\u00bbleft\u00a0\u00bb background_animation=\u00a0\u00bbnone\u00a0\u00bb css_animation=\u00a0\u00bb\u00a0\u00bb][vc_column width=\u00a0\u00bb1\/3&Prime;][vc_single_image image=\u00a0\u00bb25369&Prime; img_size=\u00a0\u00bblarge\u00a0\u00bb onclick=\u00a0\u00bblink_image\u00a0\u00bb qode_css_animation=\u00a0\u00bb\u00a0\u00bb][\/vc_column][vc_column width=\u00a0\u00bb1\/3&Prime;][vc_single_image image=\u00a0\u00bb25371&Prime; img_size=\u00a0\u00bblarge\u00a0\u00bb onclick=\u00a0\u00bblink_image\u00a0\u00bb qode_css_animation=\u00a0\u00bb\u00a0\u00bb][\/vc_column][vc_column width=\u00a0\u00bb1\/3&Prime;][vc_single_image image=\u00a0\u00bb25380&Prime; img_size=\u00a0\u00bblarge\u00a0\u00bb onclick=\u00a0\u00bblink_image\u00a0\u00bb qode_css_animation=\u00a0\u00bb\u00a0\u00bb][\/vc_column][\/vc_row][vc_row row_type=\u00a0\u00bbrow\u00a0\u00bb use_row_as_full_screen_section=\u00a0\u00bbno\u00a0\u00bb type=\u00a0\u00bbfull_width\u00a0\u00bb text_align=\u00a0\u00bbleft\u00a0\u00bb background_animation=\u00a0\u00bbnone\u00a0\u00bb css_animation=\u00a0\u00bb\u00a0\u00bb][vc_column][vc_empty_space][\/vc_column][\/vc_row]<\/p>\n","protected":false},"excerpt":{"rendered":"<p>[vc_row row_type=\u00a0\u00bbrow\u00a0\u00bb use_row_as_full_screen_section=\u00a0\u00bbno\u00a0\u00bb type=\u00a0\u00bbfull_width\u00a0\u00bb text_align=\u00a0\u00bbleft\u00a0\u00bb background_animation=\u00a0\u00bbnone\u00a0\u00bb css_animation=\u00a0\u00bb\u00a0\u00bb][vc_column][vc_column_text]Inaugur\u00e9e le 22 ao\u00fbt 2014 &#8211; jour anniversaire des 150 ans de la Conf\u00e9rence Diplomatique d&rsquo;ao\u00fbt 1864 et de la 1\u00e8re Convention de Gen\u00e8ve &#8211; l\u2019Esplanade Dufour est la placette situ\u00e9e devant l\u2019entr\u00e9e sup\u00e9rieure du Ch\u00e2teau. Cet espace \u00e9tait&#8230;<\/p>\n","protected":false},"author":1,"featured_media":0,"parent":0,"menu_order":0,"comment_status":"closed","ping_status":"open","template":"","meta":{"footnotes":""},"_links":{"self":[{"href":"https:\/\/www.chateau-stmaurice.ch\/site\/wp-json\/wp\/v2\/pages\/21562"}],"collection":[{"href":"https:\/\/www.chateau-stmaurice.ch\/site\/wp-json\/wp\/v2\/pages"}],"about":[{"href":"https:\/\/www.chateau-stmaurice.ch\/site\/wp-json\/wp\/v2\/types\/page"}],"author":[{"embeddable":true,"href":"https:\/\/www.chateau-stmaurice.ch\/site\/wp-json\/wp\/v2\/users\/1"}],"replies":[{"embeddable":true,"href":"https:\/\/www.chateau-stmaurice.ch\/site\/wp-json\/wp\/v2\/comments?post=21562"}],"version-history":[{"count":90,"href":"https:\/\/www.chateau-stmaurice.ch\/site\/wp-json\/wp\/v2\/pages\/21562\/revisions"}],"predecessor-version":[{"id":25840,"href":"https:\/\/www.chateau-stmaurice.ch\/site\/wp-json\/wp\/v2\/pages\/21562\/revisions\/25840"}],"wp:attachment":[{"href":"https:\/\/www.chateau-stmaurice.ch\/site\/wp-json\/wp\/v2\/media?parent=21562"}],"curies":[{"name":"wp","href":"https:\/\/api.w.org\/{rel}","templated":true}]}}

<p>[vc_row row_type= »row » use_row_as_full_screen_section= »no » type= »full_width » text_align= »left » background_animation= »none » css_animation= » »][vc_column][vc_column_text]<strong>Inaugurée le 22 août 2014 &#8211; jour anniversaire des 150 ans de la Conférence Diplomatique d&rsquo;août 1864 et de la 1<sup>ère </sup>Convention de Genève &#8211; l’Esplanade Dufour est la placette située devant l’entrée supérieure du Château</strong>. <strong>Cet espace était préalablement sans nom. Jean-Pierre Coutaz (directeur du Château de St-Maurice de 2006 à 2014), aidé de Georges Coutaz et conseillé par l&rsquo;historien de la Croix-Rouge suisse, Philippe Bender, ont pris le parti de le dédier au Général Guillaume Henri Dufour, dont les fortifications du lieu porte le nom. Un buste du Général ainsi qu’une plaque commémorative ornent désormais l’esplanade.</strong>[/vc_column_text][vc_empty_space][/vc_column][/vc_row][vc_row row_type= »row » use_row_as_full_screen_section= »no » type= »full_width » text_align= »left » background_animation= »none » css_animation= » »][vc_column][vc_column_text]Né à Constance le 15 septembre 1787 et mort le 14 juillet 1875 à Genève, Guillaume Henri Dufour a cumulé les activités de général, ingénieur, cartographe et homme politique suisse. Il a été la figure principale de la victoire sur le Sonderbund, guerre qui a joué un rôle clé dans l&rsquo;émergence de la Suisse moderne. Il est aussi l&rsquo;auteur de la première carte du pays à relevé topographique précis. Il a également été, aux côtés d’Henry Dunant, Gustave Moynier, Louis Appia et Théodore Maunoir, cofondateur de la Croix-Rouge internationale. Personnage d’importance de l’Histoire suisse, il a aussi donné son nom à la pointe Dufour, le plus haut sommet de Suisse.<br />
<em>Source : Wikipedia</em>[/vc_column_text][vc_empty_space][/vc_column][/vc_row][vc_row row_type= »row » use_row_as_full_screen_section= »no » type= »full_width » text_align= »left » background_animation= »none » css_animation= » »][vc_column width= »1/3&Prime;][vc_column_text css= ».vc_custom_1709067201065{padding-top: 16px !important;padding-right: 16px !important;padding-bottom: 16px !important;padding-left: 16px !important;background-color: #e8e8e8 !important;} »]<strong><a href="http://www.notrehistoire.ch/video/view/2214/" target="_blank" rel="noopener">Vidéo de l’inauguration de l’Esplanade</a></strong>[/vc_column_text][vc_empty_space][/vc_column][/vc_row][vc_row row_type= »row » use_row_as_full_screen_section= »no » type= »full_width » text_align= »left » background_animation= »none » css_animation= » »][vc_column width= »1/3&Prime;][vc_single_image image= »25369&Prime; img_size= »large » onclick= »link_image » qode_css_animation= » »][/vc_column][vc_column width= »1/3&Prime;][vc_single_image image= »25371&Prime; img_size= »large » onclick= »link_image » qode_css_animation= » »][/vc_column][vc_column width= »1/3&Prime;][vc_single_image image= »25380&Prime; img_size= »large » onclick= »link_image » qode_css_animation= » »][/vc_column][/vc_row][vc_row row_type= »row » use_row_as_full_screen_section= »no » type= »full_width » text_align= »left » background_animation= »none » css_animation= » »][vc_column][vc_empty_space][/vc_column][/vc_row]</p>

<p>[vc_row row_type= »row » use_row_as_full_screen_section= »no » type= »full_width » text_align= »left » background_animation= »none » css_animation= » »][vc_column][vc_column_text]Inaugurée le 22 août 2014 &#8211; jour anniversaire des 150 ans de la Conférence Diplomatique d&rsquo;août 1864 et de la 1ère Convention de Genève &#8211; l’Esplanade Dufour est la placette située devant l’entrée supérieure du Château. Cet espace était&#8230;</p>
